4 - (16 + -33 + 31)?
-12
What is -8 - ((-8 - -1) + 12)?
-13
(-2 + 0 - (67 + -67)) + 4
2
What is 8 + (15 - (42 + -6 - 21))?
8
Calculate -6 - (-2 - 11 - (-17 + 18)).
8
What is the value of 2 + 1 + 3 + (-15 - -11 - 10)?
-8
What is -21 - (-3 - 7 - -5 - (41 - 55))?
-30
40 + -45 - ((-10 - 9) + 0)
14
Evaluate 9 + -14 + 20 + 1.
16
Calculate (10 - 16) + (4 + -6 - -21).
13
(-44 - -74) + (-59 - -3)
-26
Evaluate -1 + -1 - ((13 - 16) + 7).
-6
What is the value of 5 - (-1 - ((-9 - -11) + 10))?
18
What is the value of 8 - -12 - (-21 - -26)?
15
What is 2 + -5 - (4 + 6 - 20 - 11)?
18
What is the value of -17 + -21 + 19 + -4?
-23
Evaluate 10 + (1 - 1) + 128 + -136 + -7.
-5
Evaluate -11 - -16 - 7 - 3.
-5
What is -85 - -10 - -31 - -22?
-22
Calculate (-2 - -5) + -3 - (-181 + 177) - -11.
15
What is the value of 22 + ((-15 - -4) + 30 - 17)?
24
Evaluate 3 + -3 - (0 - 2 - -4) - 6.
-8
-27 + (25 - 9 - (0 + (-2 - -11)))
-20
Calculate (-1 - (31 - 1)) + (-26 - 10 - -45).
-22
Evaluate 30 - (60 + -25 - 17).
12
Calculate (42 - (-18 - -39)) + -14.
7
-6 + 3 + 27 + 23 + -27
20
Calculate -4 + (2 - 15 - -6 - 4).
-15
What is the value of -10 + -38 + (0 - -23)?
-25
What is the value of 1 - 23 - (-44 + 31 - 3)?
-6
Evaluate 9 + -4 - (12 - 15).
8
What is (21 - 3) + -1 - (-27 + 37)?
7
Calculate -95 + 81 + (1 - -11).
-2
Calculate 1 + (-14 - -29) - 8.
8
What is the value of 9 - (53 - 36) - (-3 + -26)?
21
What is the value of -19 - (19 + -34 + 4)?
-8
What is (-4 - -2 - 6) + (8 - 6) + 18?
12
20 + -24 + (-36 + 32 - (-14 + -1))
7
What is 41 + -59 + 2 + (3 - -1)?
-12
What is 26 - (15 + -26 + 19)?
18
What is the value of -9 - (-10 + -11 + 0)?
12
Calculate (0 - -7) + -10 + 26 + -24.
-1
Evaluate 1 - (30 - 10 - 11).
-8
9 + -21 + 31 + -14 + -31
-26
Calculate (-20 - 31) + 17 - -33.
-1
What is the value of (-7 - (2 - 1)) + (12 - (-4 + 19))?
-11
What is 19 - ((1 - (-2 + 7)) + 11)?
12
What is (-29 - ((0 - 0) + -31 + 25)) + 8?
-15
What is the value of -3 + (2 - (-5 + 2)) + -7?
-5
What is 7 + -29 - (-145 + 131)?
-8
1 + 4 + -1 + (19 - -10 - 25)
8
-3 - ((-1 - 6) + (-46 - -43))
7
-13 - -1 - (68 + -120 - -42)
-2
What is 18 + -13 - (1 - (3 + -3))?
4
(-20 - (17 - 33)) + 22 - -3
21
Calculate 106 + -114 - (-1 + -9).
2
Evaluate (-44 + 23 - -8) + 3.
-10
What is the value of (-11 - (-30 + (-4 - -1))) + 3 + -3?
22
Calculate 2 - -3 - 22 - -3 - 0 - -4.
-10
Calculate (-3 + 2 - (-22 + 26) - -3) + 7.
5
Calculate -3 + (0 - 2) + (-51 - -48).
-8
What is the value of -9 + -3 + 18 - (3 - 34)?
37
8 - (27 + (-5 - 4)) - 1
-11
-3 - (-16 + 15 + (-1 - 0))
-1
What is the value of (46 + -31 - 10) + -24?
-19
34 + (-10 - 4) + -11
9
Calculate -6 + -25 + 11 + (-10 - -14).
-16
Evaluate (7 - 34) + 15 - (-1 + -3 + 0).
-8
(4 - (1 - 1)) + (31 + -56 - -31)
10
11 - (-18 - 1 - (-19 + 11))
22
Evaluate -5 + 9 + 4 + 7 + -9.
6
What is the value of 2 + (14 + 2 - 18) + (4 - -1)?
5
-3 - -27 - (4 - 1)
21
Evaluate (0 - 0) + (-4 - 0) + (-38 - -26).
-16
5 + 78 + -53 - (-1 + -9)
40
What is 3 + -11 + 8 + (-3 + 2 - -8)?
7
What is the value of 11 + -15 - ((1 - 6) + 16 + -12)?
-3
What is 15 + (-4 - 18) - (-18 - 0)?
11
What is the value of 19 + (0 + (-9 - -8) - -3 - 8)?
13
What is the value of -8 - (3 + 0 + -2 - 5 - -7)?
-11
What is the value of 6 + (-43 + 36 - (-1 + (5 - -1)))?
-6
What is the value of (8 - ((3 - -7) + 7)) + -6 + 0?
-15
What is 502 + -498 + (-4 - -2)?
2
Calculate (-10 + -8 - -7) + -8 - 9 - -9.
-19
What is -32 - ((-1 - (-3 - 5)) + (-277 - -269))?
-31
2 + 4 - (11 + -3 + -7 - -3)
2
What is the value of (6 - -4 - -3) + -3?
10
-68 + (-28 - -59) - -29
-8
What is -6 + 2 + (2 - 2)?
-4
Calculate -15 - (-34 + 9 - 20).
30
Evaluate (31 - (-24 + 47)) + -31.
-23
What is -33 - (-25 - -31 - 35)?
-4
-5 + 2 + 0 - (279 + -273)
-9
Calculate (12 - 2 - (178 + -176)) + -1 + 6.
13
What is the value of (8 + -1 - (-12 - -17 - 1)) + -6?
-3
What is the value of 4 - (1 + (-14 - -27))?
-10
What is -12 + (-20 - -48 - 3)?
13
-13 + -17 + 1 + 12 + -11
-28
What is -1 + -9 - (-1 + (-10 - (-6 - 0)))?
-5
Evaluate 35 + -14 + 38 + -20 + -10.
29
(-25 - 13 - -30) + (2 - (5 - 0))
-11
(-15 + -29 - -36) + (0 + 1 - -5)
-2
What is the value of (-11 - (0 + 0 - 8)) + 5?
2
Evaluate (0 - -15) + (-24 - (25 + -33)).
-1
Evaluate 6 + (5 - (11 + -27) - 15).
12
Calculate (4 - 0) + (-16 - -12 - 6).
-6
What is the value of (5 - (2 + 4 - 6)) + (-9 - -2)?
-2
Calculate 10 + (37 - 32) - 44.
-29
What is (-8 - 20) + 20 + (3 + 18 - 0)?
13
What is the value of 13 + -1 - (-5 - -34 - 24)?
7
Evaluate 26 + 27 + -44 + -4.
5
Calculate 8 - (-7 + -3 - (-2 + 5)).
21
0 + 0 + (104 + -97 - (7 - 0))
0
Evaluate 12 - (-52 + 22 + 22).
20
4 + 1 - 25 - -33
13
What is 17 + -1 + (280 - 300)?
-4
Evaluate 8 + -14 + 2 + 1 - (-11 + -18).
26
Calculate (4 - (26 + -9)) + 14.
1
Evaluate (11 - 31) + 13 + -18 + 9.
-16
What is (-17 - (4 - 1)) + (-2 - (9 + -5))?
-26
Evaluate -6 - (8 - 2 - -4 - 31).
15
-1 + 14 - (291 - 281)
3
Calculate (-4 - (-61 - -24)) + -36.
-3
Calculate -3 - -8 - (-27 - -29) - 5.
-2
(8 - 7 - 6 - -6) + 11
12
Evaluate 17 - (-13 + 1) - 15.
14
What is (94 - 95 - (0 - 8)) + -2 + 0?
5
(-18 + 13 - 8 - 3) + -13
-29
What is the value of -13 + 2 + -4 - -24?
9
Evaluate 22 + -30 - -8 - (-3 + -1 + 4).
0
Calculate -5 + 2 - (-23 + 3 + 24).
-7
Evaluate (15 - (29 + -8)) + (1 - 1) + -5.
-11
Evaluate (-24 + 4 - -10) + (1 - -22) + 10.
23
Calculate 1 + 1 - (1 + (19 - 17) + -6).
5
What is -3 - (6 - -2) - -5 - 2?
-8
What is -4 + (-3 - ((-3 - -4) + -13)) - 16?
-11
Evaluate 27 - 0 - (30 - (31 + -9)).
19
What is the value of 0 + 0 - -18 - (19 + -31 - -18)?
12
Calculate 13 + 16 + (-49 - -18).
-2
What is the value of 6 - (-10 - (0 + -2 - -5))?
19
Calculate 5 + -4 + 21 - (183 + -183).
22
What is (-1 - -3) + (389 - 395) + 3 + -9?
-10
What is (18 - 20 - 5) + (-16 - -2 - -4)?
-17
What is the value of -1 + (12 + -10 - 16) + 10?
-5
What is (0 - (-8 - -8)) + (4 - 0) + -1?
3
Evaluate -323 - -318 - (0 + 0).
-5
9 + -1 + 4 + -26 + 22
8
What is the value of -196 + 182 + 27 + -4?
9
(34 + 7 - 39) + 15
17
What is the value of -17 - -10 - -18 - (-6 - -10)?
7
Calculate -7 - (-10 + -8 + 8) - (-7 - 1).
11
What is the value of 31 - (2 - 31 - -63)?
-3
(-6 + 1 - -28 - 9) + 15
29
What is -7 + -20 + 19 - (-2 - 6)?
0
Calculate (3 - -2) + 4 - 5.
4
Calculate (-2 - 2) + 24 - (-15 + 25 + -1).
11
-16 + (-8 - -29) + 0 + -1
4
Evaluate 4 - (-5 + -4 + 7) - -1.
7
What is the value of -2 + 12 + (9 - 0) - 7?
12
(5 - -10) + 23 + -19
19
(6 - 1) + -1 + 18 + 8 + -12
18
Calculate (10 - 5) + 1 - 16.
-10
Evaluate -31 - ((14 - 34) + 13 - 10).
-14
Evaluate 10 + (3 + 1 - 0) + -18 + 16.
12
What is the value of (6 - 8) + -7 + 9 - (0 - 14)?
14
Evaluate 40 - (11 - 2) - 57.
-26
What is the value of 28 + 17 + -43 + 1?
3
Calculate 29 - (-7 + 11) - (7 - (-2 - -11)).
27
Calculate 37 - (55 - 41) - -14.
37
Calculate 7 + -3 + 5 + -1 + -45 + 11.
-26
What is -21 - -27 - 22 - -27?
11
What is -8 + -1 + -17 + -25 + 62?
11
Calculate (-13 - 7) + (22 - 25).
-23
Calculate 3 - -1 - (17 - (29 + -25)).
-9
Calculate -3 + 5 + -107 + 97.
-8
What is the value of -14 + (-10 - -28) + -20?
-16
-21 + 19 + -27 + 16
-13
Calculate 4 - (4 + -4) - (-6 - -6 - -5).
-1
Calculate (-14 + 10 - (4 + -2)) + (31 - 25).
0
What is the value of -1 + 4 - (-10 - (-7 + (1 - 6)))?
1
-7 - 3 - (-8 + -26 - -16)
8
Calculate (8 - 3 - -3) + -15.
-7
Calculate 14 - (-7 + 6 - (2 + (-19 - -5))).
3
What is 16 + -2 + 2 - (9 + (12 - 13))?
8
Calculate -25 + -10 + 20 + 35.
20
What is the value of 1 - (4 + -1 - 1) - (123 - 124)?
0
What is the value of -4 + (-15 - -11) - 0 - -20?
12
13 + 26 + -9 + -32
-2
Calculate -10 + (-8 - -8) + 11 - (3 - -9).
-11
What is 21 + -10 + -12 + 11?
10
What is the value of 37 - (-12 - (-26 + -11) - 11)?
23
What is the value of 2 + -6 + (0 - -51 - 18)?
29
Evaluate -18 + 43 + -15 - (-9 - 0).
19
Evaluate 4 - (20 + (0 + 0 - (42 - 46))).
-20
What is the value of (-53 - -80) + -20 + -6?
1
(6 - -11 - 27) + 19
9
What is the value of 13 - (29 - -9) - -29?
4
What is the value of 4 + 12 + -21 + 13 - (2 + -2)?
8
Evaluate -16 - ((0 - 8) + 37 + -32) - -4.
-9
1 + 6 + (11 - (-6 + 23)) + 0
1
Evaluate 15 + -19 + -9 + 15.
2
Calculate -2 - (-3 - (-7 - (-2 + 4)) - -5).
-13
Evaluate (21 - 13) + 2 + -1 + (-6 - -9).
12
What is the value of 8 - (8 - (10 - (-15 + -3 + 6)))?
22
What is (0 - 1) + (-12 - (-19 - -10)) - 4?
-8
Evaluate (-363 - -313) + (29 - 0).